+ -111. What is the units digit of t?
0
Let a = 48 + -28. What is the units digit of a?
0
Suppose -5*z - 60 + 325 = 0. What is the units digit of z?
3
Suppose -252 - 128 = -5*a. Let o = a + -46. What is the units digit of o?
0
Let w(b) = b**2 - 2. Let q be w(0). Let h = 14 + -16. What is the units digit of 14*(h + (-5)/q)?
7
Let w = -10 - -321. What is the tens digit of w?
1
Suppose 0 = 3*t - 44 - 100. What is the units digit of t?
8
Let j be 1242/30 - 3/(-5). What is the units digit of (120/j)/(4/14)?
0
Suppose 8 = 5*q + 33, 3*q + 12 = 3*o. Let n = -2 + 5. Let g = n + o. What is the units digit of g?
2
Let w = -79 - -139. What is the units digit of w?
0
Suppose 2*l - 5*i = -2*l - 48, -3*l - 36 = i. What is the units digit of (-2)/3 + (-272)/l?
2
Let g = 2 + 0. Suppose 0*t - g*t + 20 = 0. What is the tens digit of t?
1
Let j be 2/9 - 80/(-45). Let a(c) = 4*c - 3. Let n be a(j). Suppose -n*y = -y - 44. What is the units digit of y?
1
Let k be (-1012)/(-18) + (-18)/81. Suppose -88 = -3*h + k. What is the units digit of h?
8
Suppose -4*p + 68 = 2*z, 0 = -6*p + p. What is the units digit of z?
4
Suppose -u = 35 + 20. Let g = -33 - u. Suppose -5*a = -3*a - g. What is the tens digit of a?
1
Suppose 277 = l + 15. What is the units digit of l?
2
Let g(l) = 6*l**2 - 8*l - 5 + l**3 + 2 + 5. Let v = -7 + 0. What is the units digit of g(v)?
9
Let p(b) = b**2 - 12*b + 9. Let u be p(11). Let g = 2 - u. Suppose 2*r - 12 = 5*r, -16 = -g*t - 5*r. What is the units digit of t?
9
What is the units digit of (-152)/6*(-27)/18?
8
What is the units digit of (-3164)/(-22) + -3 + (-175)/(-55)?
4
Let u(q) = 30*q - 54. Let d(n) = -6*n + 11. Let v(p) = -16*d(p) - 3*u(p). Let i(x) = 5*x - 13. Let t(s) = 4*i(s) - 3*v(s). What is the units digit of t(7)?
4
Let o = 55 + -38. What is the tens digit of o?
1
Suppose 3*h + 55 - 22 = 0. Let d = h - -32. Suppose 3*p - d - 18 = 0. What is the tens digit of p?
1
What is the tens digit of (-3)/(-21) + (-2736)/(-56)?
4
Let g(o) = -o**3 - 15*o**2 - 7*o - 29. What is the units digit of g(-15)?
6
Let k = -31 + 16. Let b be 24/(-10) - 6/k. What is the units digit of -4*(45/(-12) - b)?
7
Let x(w) = -w - 7. Let k(r) = -7*r**2 - r. Let n be k(-1). Let z be x(n). What is the units digit of (-19)/(-2) + z/(-2)?
0
Let u = 1 + -19. Let l be (-662)/u - 2/(-9). Suppose 2*p - 3*o - 21 = -0*o, -4*p + l = -5*o. What is the units digit of p?
3
Let k be ((-1 + 1)/(-3))/3. Suppose -50 = -5*i - h + 4*h, -3*i + h + 26 = k. What is the units digit of i?
7
Let i(q) = 8*q**2 + q + 7. What is the units digit of i(3)?
2
Let u be (0 + -1)*(2 + -1). Let b(p) = -215*p - 55. Let s(g) = 8*g + 2. Let k(i) = -2*b(i) - 55*s(i). What is the units digit of k(u)?
0
Let p(v) = v**2 - 3*v. Let g be p(5). Suppose 0*a = 5*i + 3*a + g, -2*a = -3*i + 13. What is the units digit of i?
1
Let g be (-4 - -2)/((-8)/(-20)). What is the tens digit of (-17 + g)/(4/(-6))?
3
Let w(i) = 3*i**2 - 12*i - 7. What is the tens digit of w(6)?
2
Let t be 5/(5/(-12)) - 1. Let o = 20 + t. Suppose 3*l + 2*s = 47, s + o + 2 = l. What is the tens digit of l?
1
Let x(j) = -27*j**3 + 2*j - 1. Let v be x(1). Let o = v + 48. Let t = o - 15. What is the units digit of t?
7
Let k(a) = -a**2 + 4*a + 7. Let q be k(5). Suppose 0*d - 10 = -q*d. What is the units digit of d?
5
Let c = -2 - -6. What is the units digit of c?
4
Let r be 1 + 0 + 15 - 1. Let z = r - 6. What is the units digit of 6*-8*(-3)/z?
6
Suppose 2*g = -2 - 2. Let y be 30/3 + (-4)/g. Let i = y - 7. What is the units digit of i?
5
Suppose -3*m + 6 + 6 = 0. What is the units digit of (2 - -1) + 40/m?
3
Let k(p) = -p**3 - 13*p**2 - 2*p - 17. Let l(d) = -12*d**2 - 1. Let u be l(1). What is the units digit of k(u)?
9
Let w(p) = -7*p**2 + 11*p - 4. Let a(c) = -8*c**2 + 12*c - 4. Let u(v) = -6*a(v) + 7*w(v). Let b be u(4). What is the units digit of 1*(b + -1)*-2?
2
Suppose -5*o + 4*o = -2*w - 246, -4*w + 252 = o. What is the units digit of o?
8
What is the units digit of (8/12)/(4/222)?
7
Suppose 0 = -8*v + 3*v + 3*y + 357, 3*v + 4*y = 220. What is the tens digit of v?
7
Suppose -8*v + 333 = -5*v. Let p = -73 + v. What is the units digit of p?
8
Suppose s - o = 4*o + 12, 12 = 5*s - o. Suppose 0 = -s*p - 4, -6*j + 74 = -2*j + p. What is the tens digit of j?
1
Let l be 6/2 + 0 - -13. Suppose 4*u = 4*x - 8, -3*u + 5*u - l = -2*x. What is the units digit of x?
5
Let t(p) = -p + 1. Let v be t(6). Let q(m) = m + 8. What is the units digit of q(v)?
3
Let v be 30*((-3)/2 - -2). What is the tens digit of (-3 - -1) + v/1?
1
What is the tens digit of 18*(-2 + (-28)/(-8))?
2
Let y = 10 - 0. Suppose 0*l + y = -l. Let n = l + 18. What is the units digit of n?
8
Let m be 8/(-12) + (-1540)/(-6). Suppose -4*a + m = 4*q, -2*a + q + 3*q = -122. What is the units digit of ((-2)/3)/((-6)/a)?
7
Let k = -20 - -38. What is the units digit of k?
8
Let s(p) = 5*p - 3. Suppose 0 = -4*w + 5*u + 32, -2*u + 50 - 10 = 5*w. Let q be s(w). Let o = -23 + q. What is the tens digit of o?
1
Let w = -17 + 31. What is the tens digit of w?
1
Let j(n) = 23*n**3 - 3*n + 3. What is the tens digit of j(1)?
2
Suppose 5*q + 38 = 4*h, 0*q + 13 = h - 3*q. Suppose -s + 24 = -h. What is the units digit of s?
1
Let k(c) = -c**2 - 6*c - 7. Let w be k(-3). Suppose 4*d + 3*y - 22 = -0*d, w*d - 10 = -2*y. What is the units digit of d?
7
Suppose 0 = -3*c + 20 + 7. What is the units digit of c?
9
Suppose -2*v = 2*v - 24. Suppose -3*u - v = 0, -2*y + 5*u = -17 - 17. What is the tens digit of y?
1
Let i = -2 + 5. What is the tens digit of (-10)/(-15)*45/i?
1
Suppose -3*j + 60 = j. What is the units digit of j?
5
Suppose 3*t - 50 - 61 = 0. What is the tens digit of t?
3
Let a(u) = u**2 + 7*u + 3. Let y be a(-6). Let x be 35/y + (-2)/6. What is the units digit of (-1 - 5)/(x/40)?
0
Let r be 106/(-1 - (-4 + 1)). Let n = -23 + r. What is the units digit of n?
0
Suppose 4 = -2*t, 72 = 5*o - 4*o - 5*t. What is the units digit of o?
2
Let k(u) = u**2 + 3*u - 7. Let a be k(-5). Suppose 7*z - 36 = a*z. What is the units digit of z?
9
Suppose -2*j - 22 + 70 = 0. Suppose -5*a = -j - 11. Suppose -y + 7 = -a. What is the tens digit of y?
1
Let q = -13 - -5. Let o be (-2)/q + 55/20. Suppose r + 18 = o*r. What is the units digit of r?
9
Suppose -3*l + 15 = -0*x + x, 18 = 2*l - 2*x. Let o(h) = 2*h. What is the units digit of o(l)?
2
Let x = 6 - 5. What is the units digit of x/(-2*1/(-20))?
0
Suppose -6*o + 540 = -2*o. What is the units digit of o?
5
Suppose -p - x + 240 = 0, 2010 = 5*p + x + 826. What is the tens digit of p?
3
Suppose -2*i = -3*a + 12, -5*a + 4*i = -a - 20. Suppose 13 = s + w + 2*w, -a*s + 14 = 2*w. Suppose -s*j + 20 = j. What is the units digit of j?
4
Let u = -62 - -93. What is the units digit of u?
1
Let z = 15 + 47. Suppose 2*f - 22 = z. Suppose -33 - f = -5*j. What is the units digit of j?
5
Let i(z) = 7*z - 1. Let m be i(-1). Let s = 3 + m. Let l(h) = h**2 + 3*h - 4. What is the units digit of l(s)?
6
Suppose 4*d = d - 6. Let f be (d/3)/((-2)/(-18)). What is the units digit of (-6)/4*20/f?
5
Suppose 0 = 4*i - 20, i = f - i - 9. What is the tens digit of f?
1
Suppose 0*a = -3*h - 3*a + 270, -2*h + 192 = -a. Suppose 0 = 4*f - h + 22. What is the units digit of f?
8
Let o(g) = 85*g + 6. What is the tens digit of o(2)?
7
What is the hundreds digit of ((-112)/6)/(-2 - (-196)/105)?
1
Suppose 0*d + 4*d - 3*a = 16, -d + 2*a + 4 = 0. Suppose -4*l = d*g - 20 - 0, -5*g + 2*l + 60 = 0. What is the units digit of g?
0
Let l = -215 - -335. What is the tens digit of l?
2
Let f(l) = l**3 + 6*l**2 + 5*l + 4. Let n(u) be the first derivative of u**3/3 + 6*u**2 + 7*u - 3. Let r be n(-11). What is the units digit of f(r)?
6
Let q(k) = -k**2 + 3*k. Let z be q(3). Suppose z = 2*w - w. Suppose -3*j + 7 + 2 = w. What is the units digit of j?
3
What is the tens digit of ((-69)/(-6) + -2)*4?
3
Let o(j) = -4*j - 23. What is the units digit of o(-6)?
1
Let x be (-2)/(-13) + (-2)/13. Suppose 3*t - 3*m - 144 = 0, t = -x*t + 4*m + 33. What is the units digit of t?
3
What is the tens digit of ((-2)/(-3))/((-2)/(-69))?
2
Let n = 37 - 0. What is the tens digit of n?
3
Let n be ((-4)/3)/((-2)/(-9)). Let o(v) = -v - 4. Let d be o(n). Suppose -4*k + 62 = d*u, -5*u + u = -5*k + 110. What is the tens digit of k?
1
Let s(z) = -z**3 + 